{"id":7,"date":"2008-02-25T03:17:53","date_gmt":"2008-02-25T09:17:53","guid":{"rendered":"http:\/\/politicaysociedad.com\/?page_id=7"},"modified":"2008-02-25T03:17:53","modified_gmt":"2008-02-25T09:17:53","slug":"about","status":"publish","type":"page","link":"https:\/\/politicaysociedad.com\/index.php\/about\/","title":{"rendered":"Informaci\u00f3n"},"content":{"rendered":"<p>Pol\u00edtica y Sociedad es un sitio Web a caballo entre las manifestaciones creativas de la sociedad del homo sapiens, y el an\u00e1lisis de la estupidez humana.<\/p>\n<p>Pertenece a Luis Alberto Mendieta, un hombre que se lo debe todo al ciberespacio, pues por desgracia en su pa\u00eds nadie vive de escribir, y hay serias presunciones de que nadie vive en realidad all\u00ed, en la acepci\u00f3n m\u00e1s pura de esa palabra.<\/p>\n<p>Si tiene inter\u00e9s en ponerse en contacto con \u00e9l, puede escribir a:<\/p>\n<p>luis.alberto.mendieta [arroba]politicaysociedad.com<\/p>\n","protected":false},"excerpt":{"rendered":"<p>Pol\u00edtica y Sociedad es un sitio Web a caballo entre las manifestaciones creativas de la sociedad del homo sapiens, y el an\u00e1lisis de la estupidez humana. Pertenece a Luis Alberto Mendieta, un hombre que se lo debe todo al ciberespacio, pues por desgracia en su pa\u00eds nadie vive de escribir, y hay serias presunciones de [&hellip;]<\/p>\n","protected":false},"author":1,"featured_media":0,"parent":0,"menu_order":0,"comment_status":"closed","ping_status":"open","template":"","meta":{"footnotes":""},"class_list":["post-7","page","type-page","status-publish","hentry"],"blocksy_meta":[],"_links":{"self":[{"href":"https:\/\/politicaysociedad.com\/index.php\/wp-json\/wp\/v2\/pages\/7","targetHints":{"allow":["GET"]}}],"collection":[{"href":"https:\/\/politicaysociedad.com\/index.php\/wp-json\/wp\/v2\/pages"}],"about":[{"href":"https:\/\/politicaysociedad.com\/index.php\/wp-json\/wp\/v2\/types\/page"}],"author":[{"embeddable":true,"href":"https:\/\/politicaysociedad.com\/index.php\/wp-json\/wp\/v2\/users\/1"}],"replies":[{"embeddable":true,"href":"https:\/\/politicaysociedad.com\/index.php\/wp-json\/wp\/v2\/comments?post=7"}],"version-history":[{"count":0,"href":"https:\/\/politicaysociedad.com\/index.php\/wp-json\/wp\/v2\/pages\/7\/revisions"}],"wp:attachment":[{"href":"https:\/\/politicaysociedad.com\/index.php\/wp-json\/wp\/v2\/media?parent=7"}],"curies":[{"name":"wp","href":"https:\/\/api.w.org\/{rel}","templated":true}]}}